-a + 4*a**2 - 1 + 7 - 7*a - 9*a**2 + a**3. Calculate p(6).
-6
Let d = 3 - 0. Let i be -2*((-6)/d)/2. Let q(h) = -2*h**2 + 2*h - 3. Calculate q(i).
-7
Let v(z) = -z**3 + 4*z**2 + z - 4. Let l be v(3). Let k be l/(-6) + 1/3. Let x(p) = -5*p. Give x(k).
5
Suppose 2*i + 4*o + 34 = 0, o - 20 - 54 = 5*i. Let b = i + 9. Let a(w) = w**2 + 6*w + 4. Calculate a(b).
4
Let k(c) be the second derivative of -c**5/20 - c**4/2 + c**3/6 + 5*c**2/2 + 11*c. Give k(-6).
-1
Suppose 9*o - 10 = 4*o. Let x(t) = 3 + 0 - t**o + 2*t + 0*t**2. Determine x(3).
0
Let p(q) be the first derivative of q**4/4 + 11*q**3/3 + 11*q**2/2 - 3*q + 4. Determine p(-10).
-13
Let d(f) = -f**2 - 9*f + 4. Suppose u + h = -6, h - 3 = -2*h. What is d(u)?
18
Let j(n) = -n**2 - 4*n + 1. Let p be j(-3). Let h(i) = -3*i**3 - i**2 + 6*i - 1. Let q(u) = u**3 - u**2. Let y(r) = p*q(r) + h(r). Give y(4).
7
Let z = -11 + 7. Let n = 10 + z. Let y(l) = -l**3 + 5*l**2 + 6*l + 7. Calculate y(n).
7
Let t(k) = k**3 - 17. Let f be ((-6)/3 - -2)*-1. Give t(f).
-17
Let b(r) = 5*r**3 + r**2 - r + 1. Suppose -5*m + 9 + 21 = 0. Let j be -2*3/6*m. Let i be 4/j*6/(-4). Determine b(i).
6
Let z(c) = -c**3 + 7*c**2 - 6*c. Let l be z(6). Suppose -3*o + 4*o + 2 = l. Let h(n) be the first derivative of -n**3/3 - 3*n**2/2 - 3*n - 3. What is h(o)?
-1
Let y(x) be the second derivative of -1/20*x**5 + 4*x - 1/4*x**4 + 1/6*x**3 + 0 - 2*x**2. Give y(-3).
-7
Suppose 12*s - 15*s + 6 = 0. Let b(h) = -h**3 + h**2 - 1. Determine b(s).
-5
Let q = 11 + -7. Let l(u) be the first derivative of u**4/4 - 2*u**3 + 3*u**2 + 1. What is l(q)?
-8
Let l(q) = 0 - 4 - 4*q + 3. Let b(h) = 4*h + 1. Let j(a) = -a. Let c(n) = -b(n) + j(n). Let k(g) = -5*c(g) + 6*l(g). Determine k(-4).
-5
Suppose 0 = -3*d + 6*d - 3. Let l(k) = -2*k. Determine l(d).
-2
Let z(w) = w + 9. Let f be z(-7). Let g(k) = -4*k + 4*k + f*k. Determine g(-1).
-2
Let t(d) = d - 1. Let q(l) = l**2 - 6*l + 6. Let v be q(4). Let f(m) = -14*m + 3. Let r(k) = v*t(k) - f(k). Determine r(1).
11
Let a(w) = w + 2. Let x be a(-2). Let r = 7 + -4. Let z(o) = -3*o**2 - 2 - o**r - o**2 + 0*o**3 + 5*o**2. Determine z(x).
-2
Suppose -2*n + o = 2*o + 11, 5*o = n. Let p = -8 - n. Let z be (-2 - 7/p)*3. Let g(b) = -6*b + 1. What is g(z)?
-5
Let n be (-2)/9 - (-48)/216. Let i(p) = p**2 - 5. Calculate i(n).
-5
Let k(n) = 4*n + 3*n - 3*n + 1. Let a = -24 + 14. Let l = a - -11. Determine k(l).
5
Suppose 0 = -5*v - i + 79, -3*v + 2*i - 5*i + 45 = 0. Let h = v + -11. Let j(q) = 11*q - 13*q - 3*q**2 + h + q**3 - 3. Calculate j(2).
-6
Let v(y) be the third derivative of 0*y + 1/360*y**6 - 1/8*y**4 - 1/6*y**3 - 1/40*y**5 - y**2 + 0. Let f(a) be the first derivative of v(a). What is f(4)?
1
Let l(n) = -4*n**2 - n - 2. Let j = -24 + 26. What is l(j)?
-20
Suppose m + 33 = 5*x, 5*x = 2*x + 2*m + 24. Suppose k + x = -k. Let t(c) = 4 + c**2 - c**2 + 5*c + c**2. Calculate t(k).
-2
Let j(c) = -c**2 - 8*c - 8. Suppose 2*x - 3*k + 6 = 0, 2*x + k + 32 = -3*x. Determine j(x).
4
Let c(p) = -5*p**3 + 5*p**2 + 9*p + 4. Let y(w) = 9*w**3 - 10*w**2 - 17*w - 7. Suppose -2*v = -1 - 13. Let s(k) = v*c(k) + 4*y(k). What is s(6)?
6
Let u(g) = 50 + 43 - 92 + 6*g. Calculate u(-2).
-11
Let u(b) = 3*b**2 + 10*b - 55. Let g(m) = m**2 + 3*m - 18. Let j(q) = -7*g(q) + 2*u(q). Give j(0).
16
Let t(c) = c**2 - 4*c - 2. Suppose -3*k = -5*p - 35, 0 = 4*k - 4*p + p - 32. What is t(k)?
3
Let l(j) = j**3 - 7*j**2 - 9*j + 3. Let d be (1/2)/(8/128). Determine l(d).
-5
Let m(x) = x**3 - 9*x**2 + 7*x + 11. Let g = 14 - 6. Let k be m(g). Let r(c) = -c**3 + 3*c**2 - c. Calculate r(k).
-3
Let r(s) = s**2 + 2*s - 12. Let m be r(3). Let v(h) be the second derivative of -1/2*h**3 - 1/6*h**4 + 1/20*h**5 + 0 + 3/2*h**2 - h. What is v(m)?
3
Let a(v) be the first derivative of 5*v**2/2 - 43. Give a(1).
5
Let o(i) be the third derivative of -i**4/24 - i**2. Let r be o(-3). Let u(v) = r - v - 2 + 6. Determine u(5).
2
Let y(s) = -s**3 + 2 - 6*s**2 + 0 - 6*s - 1. Calculate y(-5).
6
Let a(r) = -6*r. Let z(q) = -q. Let d(w) = a(w) - 4*z(w). Let m = 3 - 1. Let f be m/(-3)*-2*3. Determine d(f).
-8
Suppose 5*a - 20 = 5*o, -4*o - 3 = -3*o. Let d(l) = -4*l**2 + 1. Calculate d(a).
-3
Let j(u) = u**2 - 5*u - 7. Suppose 20 = 4*d - 4. Give j(d).
-1
Let h(g) = -g**3 - g**2 + 2*g. Let x(z) = z**2 - 11*z + 21. Let t be x(8). Give h(t).
12
Let k(f) be the first derivative of f**4/4 + f**3 - 3*f**2/2 - 2*f + 115. Suppose 0 = -0*o + 5*o + 20. What is k(o)?
-6
Let x be (2/(-4))/((-2)/56). Suppose 0 = -5*h - 4 + x. Let c(m) = 5*m. Give c(h).
10
Let v(a) be the second derivative of -a**4/12 - a**3/3 - 2*a. Let j(d) = -d**2 - 3*d. Let l(i) = 2*j(i) - 3*v(i). Let u be (5/(-10))/(1/(-2)). What is l(u)?
1
Let g = 4 + 2. Let i(j) be the third derivative of j**5/60 - j**4/3 + j**3 - 6*j**2. Determine i(g).
-6
Let v = 7 - 1. Let o(s) = -6*s + 13*s - 9 + s**3 + 0 - 7*s**2. Let f be o(v). Let z(k) = k**2 + 5*k + 3. What is z(f)?
-3
Let k = 1 - -1. Let b(o) = 3 - k*o - 4 - o + 2*o + 2*o**2. What is b(-2)?
9
Suppose -42 = -7*a + 13*a. Let t(w) = -w**2 - 7*w + 4. Determine t(a).
4
Let p(a) = 10 + 14*a**2 - 5*a**2 + 11*a - 8*a**2. Determine p(-9).
-8
Let x(n) = 5*n + 34. Let u be x(-6). Let r(w) = -w**3 + 4*w**2 - 2*w + 1. What is r(u)?
-7
Let y(b) = 2*b - 1 + 0*b - b**2 - 1. Let h = 0 + 2. Let v be h - -1*1/1. Give y(v).
-5
Let p be ((2 - 2) + 1)*11. Let i(k) = -p*k + 12*k + 2 + 1. Determine i(4).
7
Let h(f) = -f**3 + f**2 + 6. Let v(x) = -4*x + 3 - 4 + 0 + x**2. Let o be v(5). Suppose 5*c = o*u, 3*c + 2*u = -u. Give h(c).
6
Let w(d) = d + 4. Let x = 4 - 8. Let j(a) = -a**3 - 6*a**2 - 7*a - 2. Let l be j(x). Calculate w(l).
-2
Let g(s) = -3*s**2 + 2*s - 1. Suppose -5*k + 4 = -k. Give g(k).
-2
Let j(i) = i. Let f(u) = -u**2 + 7*u - 2. Let k be f(6). Let m be 9/k*32/(-12). Let o = 11 + m. Give j(o).
5
Suppose 5*w + d = 24, 2*w + 5*d = -0*d + 5. Suppose 5*m + 1 = y - 1, -w*m - 4*y = 17. Let t(a) = 27*a**2 + 2*a - 27*a**2 + 1 + a**3. Determine t(m).
-2
Suppose 5*t = 12 + 3. Let s(y) be the first derivative of -y**6/360 - y**5/120 + y**4/6 + y**3/3 + 3. Let k(g) be the third derivative of s(g). What is k(t)?
-8
Let u(f) = 9*f**2 + 20*f + 17. Let n(p) = -3*p**2 - 7*p - 6. Let l(k) = -8*n(k) - 3*u(k). What is l(-2)?
-7
Suppose 0 = 5*o - 31 + 11. Suppose -1 - 11 = -o*c. Suppose -8 = -c*w + 1. Let a(p) = p**3 - 2*p**2 - 3. What is a(w)?
6
Let f(h) = -h. Suppose 3*t - 7*t = -40. Let p = t + -4. Calculate f(p).
-6
Suppose -4*z + 5 = -7. Let r(t) be the second derivative of 3*t - 1/12*t**4 + 0 + 2/3*t**3 + 1/2*t**2. Calculate r(z).
4
Let f(n) = -3*n + 5*n - 2 + 11. Let r(l) = l - 5. Let k be r(-1). Give f(k).
-3
Let o(s) = -s**2 - 6*s - 3. Let q = 83 + -89. Determine o(q).
-3
Let j(z) = z**2 + z. Let k(v) = 5*v**2 + 12*v - 2. Let b(u) = -6*j(u) + k(u). Suppose 5 = -t, i - 45 = -3*i + 5*t. Determine b(i).
3
Let s be 2/5 - 12/5. Let k = 1 - s. Let r(f) = f + 1. Let v(n) = 2*n**2 + 3. Let c(a) = k*r(a) - v(a). What is c(2)?
-2
Suppose -7*z - 60 = -3*z. Let r be (6/z)/((-2)/20). Let n(m) = -r - 4*m + 1 + 2 - m**2. Determine n(-4).
-1
Let s(x) = -3*x + 1. Suppose l - 1 = 3*t, 6 = -4*t - l - 0*l. What is s(t)?
4
Let k(q) = 3 + 2 - 7 - 2*q. What is k(-5)?
8
Let p(v) be the first derivative of -5*v**4/4 + v**2 + v - 5. Determine p(-1).
4
Suppose -t - i + 5 = 2*i, 0 = -t + i + 5. Suppose 0 = -t*y + 3*u - 39, -y = u + u. Let x(k) = k**3 + 7*k**2 + 7*k - 5. Give x(y).
-11
Let y(u) be the third derivative of u**5/60 + 11*u**4/24 - u**3/6 + 62*u**2. Give y(-11).
-1
Let i(x) = x**2 - 7*x + 5. Let q(o) = 0*o - 2 - o + 3. Let m(z) = i(z) - q(z). Let t = 154 - 149. Determine m(t).
-1
Let s(p) = -11*p + 2*p + 3*p. What is s(-1)?
6
Suppose 3*n - 43 - 62 = 0. Suppose 10*c - 5*c + 3*j = n, -11 = c - 3*j. Let b(d) = -d**3 + 3*d**2 + 4*d - 2. Determine b(c).
-2
Let v = 12 + -7. Let b = v + -2. Let g(q) = q**2 - 4*q + 4. Give g(b).
1
Let k(b) be the third derivative of 3*b**2 - 1/24*b**4 - 1/60*b**5 + 1/6*b**3 + 0*b + 0. Calculate k(0).
1
Let t(o) be the third derivative of o**5/60 - o**4/12 - o**3/2 - 6*o**2. Give t(3).
0
Let w be 3 - 2/1 - -1. Let c(p) = p + 0 + w - 3. Calculate c(1).
0
Suppose 3*h = 3*r + r + 7, -3*h + 3 = 0. Let g(b) = 6*b**2 - 1. What is g(r)?
5
Let w(m) = 7*m**2 - 10*m + 1. Let a(u) = 10*u**2 - 15*u